 Let b(m) = -1 + 2 - 4*m + m**3 + m**2 - 3 + 3*m. What is b(c)?
-2
Let z(x) be the first derivative of x**4/3 - x**3/3 - x**2 - 19*x - 23. Let r(w) be the first derivative of z(w). Give r(-2).
18
Let v(u) = 3 - 5*u + 7*u - 4*u. Let r(p) = 2*p**3 - p**2 - 2*p + 3. Let i be r(1). Calculate v(i).
-1
Suppose -4*w = 5*c + 1 - 11, 2 = -5*w + c. Let k(s) = s**3 - s**2 - 13. What is k(w)?
-13
Let w(v) = 6*v + 15. Let g(a) = a**2 - 12*a - 31. Let l(i) = -2*g(i) - 5*w(i). Let j(m) = -3*m**2 - 12*m - 25. Let d(u) = -3*j(u) + 5*l(u). Calculate d(8).
-6
Let b(r) = -10*r**2 - 51*r**3 + 52*r**3 - r - 3 - 13*r. Determine b(11).
-36
Let i(l) = l - 2. Let m be i(-9). Let t(k) = k**3 + 10*k**2 - 11*k + 12. Let p be t(m). Let u be (-50)/12 + 2/p. Let o(g) = g**3 + 4*g**2 + 2. What is o(u)?
2
Suppose w = 3*h + h + 15, 4*h + 5*w + 45 = 0. Let l = h - -8. Let z(q) = 4*q - 4*q - 4*q**l + q - 8*q**3. Give z(-1).
11
Let k = -53 + 107. Let v(w) = -k - 4*w + 2*w + w + 51. Determine v(-4).
1
Let w(q) be the second derivative of q**5/120 - 5*q**4/24 - q**3/2 + 15*q. Let f(j) be the second derivative of w(j). What is f(-4)?
-9
Let u(q) = 8*q - 49. Let f be u(14). Let w = f - 63. Let k(z) = -z + 9. Determine k(w).
9
Let f(l) be the first derivative of -l**3/6 + 2*l**2 - 52*l + 47. Let x(y) be the first derivative of f(y). Give x(-5).
9
Let u(t) = t**2 + 3*t - 2. Let q(l) = 11*l + 118. Let g be q(-11). What is u(g)?
-2
Let j be 33/(-4)*(-16)/6. Let l = j + -33. Let u = l + 10. Let t(x) = -x**2 - x. Calculate t(u).
0
Suppose 3*n - 52 = 4*w, -4*n + 7*n = 5*w + 53. Suppose 6*k - n = 4*k. Let s(x) = -x**3 + 8*x**2 + x - 4. Give s(k).
4
Let b(d) = d**2 - 4. Let o be b(4). Suppose 36*z = 38*z - o. Let i(y) = y + 8. What is i(z)?
14
Let g(y) be the second derivative of -y**3/3 + 3*y**2/2 + 2*y. Suppose 4*u - 320 = 4*c, -6*c + c + 2*u - 388 = 0. Let q = -72 - c. Give g(q).
-5
Let a(z) = 8*z - 1. Suppose 512 - 520 = 4*f. Determine a(f).
-17
Suppose 3*b - 8*i = -3*i - 16, 5*b - 4*i = -18. Let o(q) = -q**3 - 2*q**2 - 2*q - 3. What is o(b)?
1
Let l(t) = 6*t**3 + 2*t**2 - t. Let a(c) = -c**3 - 4*c**2 - 5*c + 2. Let j be a(-4). Suppose 24 = 2*f + j. What is l(f)?
7
Let z = 61 - 59. Suppose 4*f = 5*f - z. Let c(h) = h**2 + h - 1. Let w(k) = -k + 1. Let l(o) = -c(o) - w(o). What is l(f)?
-4
Let f be (-54)/(-8) - (-5)/20. Let b(v) = 5*v**2 + 9 + v**3 - f + 0*v**3. Let y = -17 + 12. Determine b(y).
2
Let a(j) = -31*j**3 - 36*j**2 - 39*j - 4. Let o(z) = 11*z**3 + 12*z**2 + 13*z + 1. Let x(c) = -6*a(c) - 17*o(c). What is x(13)?
7
Let o(t) = t + 3. Let x = 61 - 36. Let s = 0 - x. Let v be 3/15 + (-95)/s. Determine o(v).
7
Let x(s) = 1 - 9*s - 38*s - 7 + 45*s. What is x(-4)?
2
Let c(s) = -3*s**2 - 11. Let v(p) = -2*p**2 - p - 10. Suppose n = -11 + 15. Let m(x) = n*v(x) - 3*c(x). Determine m(5).
-2
Let p(k) = 2*k**3 - 14*k**2 + 2. Let x(b) = 4*b**2 - 12*b + 15. Let i be x(2). Give p(i).
2
Suppose 4*p + 47 = -30*v + 33*v, 2*v + 22 = -4*p. Let u(z) = z**2 + 6*z + 2. What is u(p)?
18
Let b(w) = w - 2. Let o = -13 + 1. Let h = -11 - o. Let t be 0 - (h - (6 - 1)). Determine b(t).
2
Let t(r) = -r - 6. Let p = 18 + -18. Suppose -s - 4*s + 20 = p. Suppose 2*u + 6 = -s. Determine t(u).
-1
Let y be -5 - 7/2*96/56. Let w(j) = -j**3 - 12*j**2 - 10*j + 7. Calculate w(y).
-4
Let y(z) = -z**3 + 2*z**2 + 2*z + 2. Suppose -o = 3*i + 6, 2*i + o - 4 + 9 = 0. Calculate y(i).
3
Let h(r) = 10*r**2 + r. Suppose -3*n + 12 + 9 = 0. Let t(f) = -3*f + 20. Let b be t(n). Determine h(b).
9
Let v(x) = x**2 + 5*x + 6. Let h(n) = n**2. Let c be h(-1). Let a be 11 + -14 + -3 + c. Determine v(a).
6
Let z(u) = -u**3 - 5*u**2 - 6*u - 2. Let b be z(-4). Let k(c) be the third derivative of c**5/60 - 7*c**4/24 + 5*c**3/6 - 6*c**2 + 32. Calculate k(b).
-1
Let b(c) = 2*c**2 - 16*c + 4. Let a = 149 + -141. Give b(a).
4
Let d(v) = v - v**3 - 13 + 13*v**2 - 13*v**2 - v**2 + 2*v**3. Calculate d(0).
-13
Suppose -1 = -m + 1. Let b be (m/(-1))/((-2)/35). Let j be (-2)/(-5) + (-14)/b. Let v(k) = -k**2 - k - 8. Determine v(j).
-8
Let g be (-2 - -7)/(1 - 0). Let q(u) be the third derivative of u**4/24 - u**3/3 + 5*u**2. Calculate q(g).
3
Suppose -4 = 4*j - 0. Let t(n) = 9*n**2 + 7*n - 4. Let v = 13 + -14. Let k(c) = c**2 + c - 1. Let z(l) = v*t(l) + 5*k(l). What is z(j)?
-3
Let n(x) be the third derivative of -x**7/2520 + x**6/720 + 7*x**4/24 - 5*x**2. Let m(d) be the second derivative of n(d). Determine m(-2).
-6
Let s(t) = -30*t + 13. Let k(o) = -63*o + 28. Let a(x) = -6*k(x) + 13*s(x). Give a(2).
-23
Suppose -b = 3*b. Suppose -2*u - 3*a = 20, -u - a + 2*a - 5 = b. Let g(s) = -s**2 - 7*s - 7. Calculate g(u).
-7
Suppose 4*y + 3*p = 1479 + 3169, 5*y = 5*p + 5775. Let v(d) = -1165*d + 2 + 4 + y*d - 5. Determine v(-4).
25
Let d(b) = 15*b + 2 - 7 - 1 - 18*b. Calculate d(-8).
18
Let v(s) = 3*s**2 + 2*s - 2. Let i(g) = 13*g**2 + 9*g - 7. Let u(y) = 2*i(y) - 9*v(y). Suppose -3*p - p = 0. Give u(p).
4
Let i(j) = -j - 6. Let n(v) = -v**3 - 15*v**2 + 14*v - 21. Let q be n(-16). Suppose -q*x = -16*x - 30. Determine i(x).
0
Let k(s) be the third derivative of -s**4/8 + 3*s**3/2 + s**2 - 4. Calculate k(9).
-18
Let v be 158/(-120) + ((-70)/(-30) - 1). Let w(l) be the third derivative of 0*l + 0 - 3/8*l**4 - v*l**5 + 1/3*l**3 + 2*l**2. What is w(-8)?
10
Let h(q) = -8*q + 7. Let r(d) = 3*d + 3. Let i(b) = h(b) + 3*r(b). Determine i(-21).
-5
Let q = 48 - 45. Let s(a) = -a + 2. Let o be (-1 + 0)*(-2 - 2). Let d(r) = -2*r + 4. Let g(n) = o*d(n) - 9*s(n). Calculate g(q).
1
Let t(z) = -9*z + 10*z - 39 + 38. Calculate t(3).
2
Let j(c) = -c. Let b(x) = x**2 + 5*x + 10. Let r be b(-7). Suppose -r - 21 = 3*o. Let a = o - -21. Give j(a).
-6
Let q = -5 - -12. Let r(p) = -p**3 + 13*p**2 + 2*p - 24. Let z be r(13). Let f(n) = -8 + 8 + n - z. Give f(q).
5
Let y = -197 - -201. Let u(t) = -2*t**2 + 9*t. Give u(y).
4
Let y(i) be the first derivative of i**2/2 - 9*i + 7. Let n be y(12). Let w = n - 6. Let x(z) = 2*z**2 + 3*z - 4. Determine x(w).
5
Let v(g) = g + 9. Let b = 6 + -1. Suppose -9*p + b*p - 16 = 0. Give v(p).
5
Let f(c) = 2 - 2*c - 2*c**2 + 1 + 0*c. Let u be (8 + -10)*6/4 - -4. Let i be 2 - u/(-1) - 5 - 1. What is f(i)?
-9
Let n(z) = -14*z + 49. Let m(a) = 3*a - 11. Let c(k) = -18*m(k) - 4*n(k). Let w = 2 + 1. What is c(w)?
8
Let s(g) = -g**2 + 6*g + 2. Let d be s(6). Let x(u) = -5*u**2 - u**3 - 7*u**2 - 8 - 8*u**d + u + 26*u**2. Calculate x(6).
-2
Suppose -z - 7 = -3*r + 4, -3*z + 3*r = 21. Let i(p) = 4*p + 6. What is i(z)?
-14
Let k = 41 + -29. Suppose -5*u + 25 = -0*f - 5*f, -4*f = k. Let j(a) be the second derivative of a**4/12 + a**3/6 + a. Calculate j(u).
6
Let v be (0 - (-1)/3*-6)*-3. Let i(m) = 5*m**3 + 3*m**2 - m + 7. Let d(c) = -3*c**3 - c**2 + c - 4. Let b(s) = -7*d(s) - 4*i(s). Determine b(v).
18
Let u(n) = 2*n - 5. Let i(w) = -6*w + 14. Let s be (-3*3/3)/(5/10). Let p(c) = s*i(c) - 17*u(c). Determine p(2).
5
Let y(z) = -8*z**2 + 7 + 6 + 10*z**2 + z - 19. Give y(-2).
0
Let c(q) = -2*q**2 + 13*q + 11. Let j be c(7). Let r be ((-24)/(-4) - 18)/(6/j). Let o(y) = y**2 + 7*y + 7. Determine o(r).
15
Let r(z) = -z**2 + 3*z + 2. Let f(s) = s + 1. Let o(i) = 4*i + 4. Let v(a) = 7*f(a) - 2*o(a). Let u(t) = -r(t) - 5*v(t). Calculate u(-5).
18
Let b(o) = o + 3. Let n = 19 + -25. Let c be (-20)/n - 42/(-63). Let k be 3 + -6 + c + -7. Determine b(k).
-3
Let b(w) = 2 - 4 + w**2 + 5*w - 2*w**2. Let z(j) = 8*j - 3. Let f be z(1). Calculate b(f).
-2
Let m = -545 + 545. Let i be -1 - (-1)/((-1)/(-3)). Let b(z) = 3*z + z**2 - 4*z - 2 + m + i*z. Determine b(0).
-2
Let z(q) be the second derivative of -q**4/12 - 2*q**3/3 + q**2 + 3*q - 59. Give z(-6).
-10
Suppose 4*h - 3*d - 32 + 8 = 0, 14 = -2*h - 5*d. Let g(p) = -10*p + h*p + 10 + 9*p - 2. Calculate g(-7).
-6
Let y = 1170 - 1172. Let p(f) be the second derivative of -f**3/2 - 2*f. Calculate p(y).
6
Let j(q) = 4*q**2 + 3*q. Suppose -3*s - 3 = 0, 4*x + 0*s - 7 = -s. Suppose 4*p + 9 + 2 = -t, -x*t = 6. What is j(p)?
10
Let w(h) be the second derivative of 5*h**4/24 - h**3/6 + 15*h**2 + 2*h - 31. Let x(b) be the first derivative of w(b). Give x(-1).
-6
Let o(c) be the third derivative of c**4/12 + 3*c**3/2 - 44*c**2 + 4. Give o(-7).
-5
Let x(t) = 1 - 9 + 2*t + 6 - 2*t**3. Let d = -18 + 20. Calculate x(d).
-14
Let a(m) = m - 17